{"id":1908,"date":"2020-05-05T14:51:52","date_gmt":"2020-05-05T14:51:52","guid":{"rendered":"http:\/\/soldormiami.com\/?page_id=1908"},"modified":"2022-07-28T08:33:14","modified_gmt":"2022-07-28T08:33:14","slug":"quienes-somos","status":"publish","type":"page","link":"http:\/\/soldormiami.com\/?page_id=1908","title":{"rendered":"Quienes somos?"},"content":{"rendered":"<div data-colibri-id=\"1908-c1\" class=\"style-411 style-local-1908-c1 position-relative\">\n  <!---->\n  <div data-colibri-component=\"section\" data-colibri-id=\"1908-c2\" id=\"initial-content\" class=\"h-section h-section-global-spacing d-flex align-items-lg-center align-items-md-center align-items-center style-412 style-local-1908-c2 position-relative\">\n    <!---->\n    <!---->\n    <div class=\"h-section-grid-container h-section-boxed-container\">\n      <!---->\n      <div data-colibri-id=\"1908-c3\" class=\"h-row-container gutters-row-lg-2 gutters-row-md-2 gutters-row-0 gutters-row-v-lg-2 gutters-row-v-md-2 gutters-row-v-2 style-413 style-local-1908-c3 position-relative\">\n        <!---->\n        <div class=\"h-row justify-content-lg-center justify-content-md-center justify-content-center align-items-lg-stretch align-items-md-stretch align-items-stretch gutters-col-lg-2 gutters-col-md-2 gutters-col-0 gutters-col-v-lg-2 gutters-col-v-md-2 gutters-col-v-2\">\n          <!---->\n          <div class=\"h-column h-column-container d-flex h-col-lg-auto h-col-md-auto h-col-auto style-414-outer style-local-1908-c4-outer\">\n            <div data-colibri-id=\"1908-c4\" class=\"d-flex h-flex-basis h-column__inner h-px-lg-2 h-px-md-2 h-px-2 v-inner-lg-2 v-inner-md-2 v-inner-2 style-414 style-local-1908-c4 position-relative\">\n              <!---->\n              <!---->\n              <div class=\"w-100 h-y-container h-column__content h-column__v-align flex-basis-100 align-self-lg-start align-self-md-start align-self-start\">\n                <!---->\n                <div data-colibri-id=\"1908-c5\" class=\"h-text h-text-component style-709 style-local-1908-c5 position-relative h-element\">\n                  <!---->\n                  <!---->\n                  <div class=\"\">\n                    <p>Despu\u00e9s del par\u00f3n mundial, de dos meses de interioridad, reflexiono, incertidumbre y tranquilidad&#8230; y un gran salto quantico en el planeta. Nada es inmutable, todo esta en continuo movimiento.<\/p>\n                    <p>He decidi\u00f3 hacer una nueva Web personalizada y desde el coraz\u00f3n, tal como lo siento (dejando atr\u00e1s lo fri\u00f3 y comercial).<\/p>\n                    <p>Estamos en un nuevo despertar&#8230; La felicidad es un trayecto no un destino.<\/p>\n                    <p>Despu\u00e9s de mas de 22 a\u00f1os de experiencia, (la pasi\u00f3n es vida). Solo siento gratitud de todos mis clientes que han pasado por mi agencia, me han dado la pasi\u00f3n que siento cada d\u00eda para seguir haciendo feliz a mis clientes.<\/p>\n                    <p>Premios C.I.S \u2013 La celebraci\u00f3n de IV Nit del Turisme 2003. Otorgado el premio a la Constancia por la larga trayectoria y profesionalidad en el municipio.<\/p>\n                    <p>Si usted busca verdaderamente algo especial, no dude en ponerse en nuestras manos para encontrarlo, ser\u00e1 un placer atenderle, y hacer sus sue\u00f1os realidad.<\/p>\n                    <p>Tenemos un apartado para inversionistas.<\/p>\n                    <p>\n                      <br>\n                    <\/p>\n                  <\/div>\n                <\/div>\n              <\/div>\n            <\/div>\n          <\/div>\n        <\/div>\n      <\/div>\n      <div data-colibri-id=\"1908-c6\" class=\"h-row-container gutters-row-lg-2 gutters-row-md-2 gutters-row-0 gutters-row-v-lg-2 gutters-row-v-md-2 gutters-row-v-2 style-416 style-local-1908-c6 position-relative\">\n        <!---->\n        <div class=\"h-row justify-content-lg-center justify-content-md-center justify-content-center align-items-lg-stretch align-items-md-stretch align-items-stretch gutters-col-lg-2 gutters-col-md-2 gutters-col-0 gutters-col-v-lg-2 gutters-col-v-md-2 gutters-col-v-2\">\n          <!---->\n          <div class=\"h-column h-column-container d-flex h-col-lg-auto h-col-md-auto h-col-auto style-417-outer style-local-1908-c7-outer\">\n            <div data-colibri-id=\"1908-c7\" class=\"d-flex h-flex-basis h-column__inner h-px-lg-2 h-px-md-2 h-px-2 v-inner-lg-2 v-inner-md-2 v-inner-2 style-417 style-local-1908-c7 position-relative\">\n              <!---->\n              <!---->\n              <div class=\"w-100 h-y-container h-column__content h-column__v-align flex-basis-100 align-self-lg-start align-self-md-start align-self-start\">\n                <!---->\n                <div data-colibri-id=\"1908-c8\" class=\"d-block style-418 style-local-1908-c8 position-relative h-element\">\n                  <!---->\n                  <div class=\"h-image__frame-container-outer\">\n                    <div class=\"h-image__frame-container\">\n                      <!---->\n                      <!---->\n                      <img src=\"http:\/\/soldormiami.com\/wp-content\/uploads\/2020\/05\/cropped-WhatsApp-Image-2020-05-27-at-16.52.48-2-1024x751.jpeg\" class=\"style-418-image style-local-1908-c8-image\">\n                      <div class=\"h-image__frame h-hide-lg h-hide-md h-hide-sm style-418-frameImage style-local-1908-c8-frameImage\"><\/div>\n                    <\/div>\n                  <\/div>\n                <\/div>\n              <\/div>\n            <\/div>\n          <\/div>\n          <div class=\"h-column h-column-container d-flex h-col-lg-auto h-col-md-auto h-col-auto style-419-outer style-local-1908-c9-outer\">\n            <div data-colibri-id=\"1908-c9\" class=\"d-flex h-flex-basis h-column__inner h-px-lg-2 h-px-md-2 h-px-2 v-inner-lg-2 v-inner-md-2 v-inner-2 style-419 style-local-1908-c9 position-relative\">\n              <!---->\n              <!---->\n              <div class=\"w-100 h-y-container h-column__content h-column__v-align flex-basis-100 align-self-lg-start align-self-md-start align-self-start\">\n                <!---->\n                <div data-colibri-id=\"1908-c10\" class=\"d-block style-420 style-local-1908-c10 position-relative h-element\">\n                  <!---->\n                  <div class=\"h-image__frame-container-outer\">\n                    <div class=\"h-image__frame-container\">\n                      <!---->\n                      <!---->\n                      <img src=\"http:\/\/soldormiami.com\/wp-content\/uploads\/2020\/05\/cropped-WhatsApp-Image-2020-05-27-at-16.52.50-1024x768.jpeg\" class=\"style-420-image style-local-1908-c10-image\">\n                      <div class=\"h-image__frame h-hide-lg h-hide-md h-hide-sm style-420-frameImage style-local-1908-c10-frameImage\"><\/div>\n                    <\/div>\n                  <\/div>\n                <\/div>\n              <\/div>\n            <\/div>\n          <\/div>\n          <div class=\"h-column h-column-container d-flex h-col-lg-auto h-col-md-auto h-col-auto style-421-outer style-local-1908-c11-outer\">\n            <div data-colibri-id=\"1908-c11\" class=\"d-flex h-flex-basis h-column__inner h-px-lg-2 h-px-md-2 h-px-2 v-inner-lg-2 v-inner-md-2 v-inner-2 style-421 style-local-1908-c11 position-relative\">\n              <!---->\n              <!---->\n              <div class=\"w-100 h-y-container h-column__content h-column__v-align flex-basis-100 align-self-lg-start align-self-md-start align-self-start\">\n                <!---->\n                <div data-colibri-id=\"1908-c12\" class=\"d-block style-422 style-local-1908-c12 position-relative h-element\">\n                  <!---->\n                  <div class=\"h-image__frame-container-outer\">\n                    <div class=\"h-image__frame-container\">\n                      <!---->\n                      <!---->\n                      <img src=\"http:\/\/soldormiami.com\/wp-content\/uploads\/2020\/05\/cropped-WhatsApp-Image-2020-05-27-at-16.52.48-1-1024x768.jpeg\" class=\"style-422-image style-local-1908-c12-image\">\n                      <div class=\"h-image__frame h-hide-lg h-hide-md h-hide-sm style-422-frameImage style-local-1908-c12-frameImage\"><\/div>\n                    <\/div>\n                  <\/div>\n                <\/div>\n              <\/div>\n            <\/div>\n          <\/div>\n        <\/div>\n      <\/div>\n      <div data-colibri-id=\"1908-c13\" class=\"h-row-container gutters-row-lg-2 gutters-row-md-2 gutters-row-0 gutters-row-v-lg-2 gutters-row-v-md-2 gutters-row-v-2 style-518 style-local-1908-c13 position-relative\">\n        <!---->\n        <div class=\"h-row justify-content-lg-center justify-content-md-center justify-content-center align-items-lg-stretch align-items-md-stretch align-items-stretch gutters-col-lg-2 gutters-col-md-2 gutters-col-0 gutters-col-v-lg-2 gutters-col-v-md-2 gutters-col-v-2\">\n          <!---->\n          <div class=\"h-column h-column-container d-flex h-col-lg-auto h-col-md-auto h-col-auto style-519-outer style-local-1908-c14-outer\">\n            <div data-colibri-id=\"1908-c14\" class=\"d-flex h-flex-basis h-column__inner h-px-lg-2 h-px-md-2 h-px-2 v-inner-lg-2 v-inner-md-2 v-inner-2 style-519 style-local-1908-c14 position-relative\">\n              <!---->\n              <!---->\n              <div class=\"w-100 h-y-container h-column__content h-column__v-align flex-basis-100 align-self-lg-start align-self-md-start align-self-start\">\n                <!---->\n                <div data-colibri-id=\"1908-c15\" class=\"d-block style-517 style-local-1908-c15 position-relative h-element\">\n                  <!---->\n                  <div class=\"h-image__frame-container-outer\">\n                    <div class=\"h-image__frame-container\">\n                      <!---->\n                      <!---->\n                      <img loading=\"lazy\" width=\"1200\" height=\"1200\" src=\"http:\/\/soldormiami.com\/wp-content\/uploads\/2020\/05\/cropped-cropped-WhatsApp-Image-2020-05-27-at-10.17.48.jpeg\" class=\"wp-image-2453 style-517-image style-local-1908-c15-image\" srcset=\"http:\/\/soldormiami.com\/wp-content\/uploads\/2020\/05\/cropped-cropped-WhatsApp-Image-2020-05-27-at-10.17.48.jpeg 1200w, http:\/\/soldormiami.com\/wp-content\/uploads\/2020\/05\/cropped-cropped-WhatsApp-Image-2020-05-27-at-10.17.48-300x300.jpeg 300w, http:\/\/soldormiami.com\/wp-content\/uploads\/2020\/05\/cropped-cropped-WhatsApp-Image-2020-05-27-at-10.17.48-1024x1024.jpeg 1024w, http:\/\/soldormiami.com\/wp-content\/uploads\/2020\/05\/cropped-cropped-WhatsApp-Image-2020-05-27-at-10.17.48-150x150.jpeg 150w, http:\/\/soldormiami.com\/wp-content\/uploads\/2020\/05\/cropped-cropped-WhatsApp-Image-2020-05-27-at-10.17.48-768x768.jpeg 768w\" sizes=\"(max-width: 1200px) 100vw, 1200px\" alt=\"\" \/>\n                      <div class=\"h-image__frame h-hide-lg h-hide-md h-hide-sm style-517-frameImage style-local-1908-c15-frameImage\"><\/div>\n                    <\/div>\n                  <\/div>\n                <\/div>\n              <\/div>\n            <\/div>\n          <\/div>\n          <div class=\"h-column h-column-container d-flex h-col-lg-auto h-col-md-auto h-col-auto style-520-outer style-local-1908-c16-outer\">\n            <div data-colibri-id=\"1908-c16\" class=\"d-flex h-flex-basis h-column__inner h-px-lg-2 h-px-md-2 h-px-2 v-inner-lg-2 v-inner-md-2 v-inner-2 style-520 style-local-1908-c16 position-relative\">\n              <!---->\n              <!---->\n              <div class=\"w-100 h-y-container h-column__content h-column__v-align flex-basis-100 align-self-lg-start align-self-md-start align-self-start\">\n                <!---->\n                <div data-colibri-id=\"1908-c17\" class=\"d-block style-511 style-local-1908-c17 position-relative h-element\">\n                  <!---->\n                  <div class=\"h-image__frame-container-outer\">\n                    <div class=\"h-image__frame-container\">\n                      <!---->\n                      <!---->\n                      <img loading=\"lazy\" width=\"1024\" height=\"1011\" src=\"http:\/\/soldormiami.com\/wp-content\/uploads\/2020\/05\/WhatsApp-Image-2020-05-28-at-10.17.36.jpeg\" class=\"wp-image-2395 style-511-image style-local-1908-c17-image\" srcset=\"http:\/\/soldormiami.com\/wp-content\/uploads\/2020\/05\/WhatsApp-Image-2020-05-28-at-10.17.36.jpeg 1024w, http:\/\/soldormiami.com\/wp-content\/uploads\/2020\/05\/WhatsApp-Image-2020-05-28-at-10.17.36-300x296.jpeg 300w, http:\/\/soldormiami.com\/wp-content\/uploads\/2020\/05\/WhatsApp-Image-2020-05-28-at-10.17.36-768x758.jpeg 768w\" sizes=\"(max-width: 1024px) 100vw, 1024px\" alt=\"\" \/>\n                      <div class=\"h-image__frame h-hide-lg h-hide-md h-hide-sm style-511-frameImage style-local-1908-c17-frameImage\"><\/div>\n                    <\/div>\n                  <\/div>\n                <\/div>\n              <\/div>\n            <\/div>\n          <\/div>\n        <\/div>\n      <\/div>\n    <\/div>\n  <\/div>\n<\/div>","protected":false},"excerpt":{"rendered":"<p>Despu\u00e9s del par\u00f3n mundial, de dos meses de interioridad, reflexiono, incertidumbre y tranquilidad&#8230; y un gran salto quantico en el planeta. Nada es inmutable, todo esta en continuo movimiento. He decidi\u00f3 hacer una nueva Web personalizada y desde el coraz\u00f3n, tal como lo siento (dejando atr\u00e1s lo fri\u00f3 y comercial). Estamos en un nuevo despertar&#8230; [&hellip;]<\/p>\n","protected":false},"author":1,"featured_media":0,"parent":18,"menu_order":0,"comment_status":"closed","ping_status":"closed","template":"page-templates\/full-width-page.php","meta":[],"_links":{"self":[{"href":"http:\/\/soldormiami.com\/index.php?rest_route=\/wp\/v2\/pages\/1908"}],"collection":[{"href":"http:\/\/soldormiami.com\/index.php?rest_route=\/wp\/v2\/pages"}],"about":[{"href":"http:\/\/soldormiami.com\/index.php?rest_route=\/wp\/v2\/types\/page"}],"author":[{"embeddable":true,"href":"http:\/\/soldormiami.com\/index.php?rest_route=\/wp\/v2\/users\/1"}],"replies":[{"embeddable":true,"href":"http:\/\/soldormiami.com\/index.php?rest_route=%2Fwp%2Fv2%2Fcomments&post=1908"}],"version-history":[{"count":11,"href":"http:\/\/soldormiami.com\/index.php?rest_route=\/wp\/v2\/pages\/1908\/revisions"}],"predecessor-version":[{"id":4973,"href":"http:\/\/soldormiami.com\/index.php?rest_route=\/wp\/v2\/pages\/1908\/revisions\/4973"}],"up":[{"embeddable":true,"href":"http:\/\/soldormiami.com\/index.php?rest_route=\/wp\/v2\/pages\/18"}],"wp:attachment":[{"href":"http:\/\/soldormiami.com\/index.php?rest_route=%2Fwp%2Fv2%2Fmedia&parent=1908"}],"curies":[{"name":"wp","href":"https:\/\/api.w.org\/{rel}","templated":true}]}}